lculate the greatest common factor of 135 and 75.
15
Calculate the highest common divisor of 845 and 65.
65
What is the highest common factor of 855 and 627?
57
What is the highest common divisor of 102 and 1938?
102
What is the greatest common divisor of 238 and 85?
17
What is the highest common factor of 310 and 1457?
31
What is the greatest common factor of 8302 and 14?
14
What is the highest common factor of 26 and 3406?
26
What is the greatest common divisor of 17 and 1207?
17
What is the greatest common factor of 36 and 378?
18
What is the highest common factor of 56 and 364?
28
Calculate the greatest common divisor of 46 and 12926.
46
Calculate the greatest common divisor of 507 and 1638.
39
Calculate the highest common factor of 306 and 954.
18
What is the greatest common factor of 312 and 144?
24
Calculate the highest common divisor of 52683 and 51.
51
What is the greatest common divisor of 2163 and 63?
21
Calculate the highest common divisor of 5 and 145.
5
What is the highest common divisor of 4 and 1444?
4
What is the highest common divisor of 24 and 108?
12
What is the greatest common divisor of 52 and 2678?
26
What is the greatest common factor of 1785 and 70?
35
Calculate the greatest common divisor of 272 and 85.
17
What is the greatest common divisor of 32 and 96?
32
What is the highest common divisor of 885 and 120?
15
Calculate the highest common factor of 15 and 40965.
15
What is the highest common divisor of 123 and 533?
41
Calculate the highest common factor of 198 and 1518.
66
Calculate the greatest common divisor of 1020 and 51.
51
Calculate the greatest common divisor of 55 and 40.
5
What is the highest common divisor of 675 and 25?
25
What is the greatest common factor of 116 and 2639?
29
What is the highest common factor of 1121 and 19?
19
Calculate the greatest common divisor of 1178 and 62.
62
Calculate the greatest common divisor of 100 and 350.
50
Calculate the highest common divisor of 32 and 3968.
32
What is the greatest common factor of 357 and 85?
17
What is the highest common factor of 13308 and 12?
12
Calculate the greatest common factor of 1565 and 5.
5
What is the highest common divisor of 2227 and 655?
131
What is the highest common factor of 390 and 120?
30
What is the highest common divisor of 72 and 48996?
36
What is the greatest common factor of 2142 and 2618?
238
What is the highest common divisor of 68 and 187?
17
What is the greatest common divisor of 101 and 50803?
101
What is the highest common divisor of 493 and 17?
17
What is the highest common factor of 2950 and 118?
118
What is the highest common divisor of 200 and 25?
25
Calculate the highest common divisor of 40 and 600.
40
What is the highest common divisor of 684 and 551?
19
Calculate the highest common factor of 160 and 20.
20
What is the greatest common factor of 203 and 21?
7
What is the highest common factor of 1425 and 1045?
95
Calculate the greatest common factor of 42 and 114.
6
Calculate the highest common factor of 1328 and 1.
1
Calculate the highest common divisor of 34 and 442.
34
What is the highest common factor of 1456 and 28?
28
What is the highest common divisor of 6 and 69?
3
Calculate the highest common divisor of 400 and 1450.
50
What is the greatest common factor of 112 and 476?
28
Calculate the greatest common divisor of 129 and 559.
43
What is the highest common divisor of 60 and 1392?
12
Calculate the greatest common divisor of 16475 and 50.
25
Calculate the greatest common divisor of 5 and 17695.
5
What is the highest common factor of 226 and 86?
2
Calculate the greatest common factor of 1408 and 132.
44
What is the greatest common factor of 53 and 29521?
53
Calculate the highest common factor of 581 and 332.
83
What is the highest common divisor of 11 and 319?
11
Calculate the highest common divisor of 1220 and 11895.
305
Calculate the highest common factor of 21 and 2121.
21
What is the highest common divisor of 96 and 2592?
96
What is the highest common divisor of 275 and 250?
25
Calculate the highest common factor of 60 and 3795.
15
What is the greatest common factor of 280 and 120?
40
Calculate the greatest common divisor of 270 and 150.
30
Calculate the highest common factor of 410 and 10.
10
Calculate the greatest common factor of 3 and 11.
1
What is the highest common factor of 290 and 5075?
145
What is the highest common factor of 4118 and 87?
29
What is the highest common divisor of 128 and 368?
16
What is the greatest common factor of 217 and 62?
31
Calculate the greatest common factor of 112 and 14.
14
Calculate the greatest common factor of 7744 and 726.
242
What is the greatest common divisor of 42 and 49?
7
Calculate the greatest common factor of 1331 and 11.
11
What is the highest common divisor of 30094 and 246?
82
Calculate the greatest common divisor of 15 and 175.
5
Calculate the highest common factor of 105 and 140.
35
Calculate the greatest common divisor of 70 and 1330.
70
Calculate the highest common divisor of 9802 and 58.
58
What is the highest common divisor of 325 and 260?
65
Calculate the greatest common factor of 31 and 15438.
31
Calculate the highest common factor of 204 and 96.
12
Calculate the highest common factor of 48 and 42.
6
What is the greatest common factor of 3132 and 54?
54
What is the greatest common divisor of 125 and 75?
25
What is the highest common divisor of 62 and 713?
31
What is the highest common divisor of 39 and 559?
13
What is the greatest common divisor of 32 and 4384?
32
What is the greatest common factor of 327 and 48?
3
Calculate the greatest common divisor of 726 and 22.
22
What is the greatest common divisor of 9 and 1?
1
Calculate the greatest common divisor of 845 and 195.
65
Calculate the highest common divisor of 32 and 664.
8
Calculate the highest common divisor of 4374 and 78.
6
What is the highest common divisor of 14 and 35?
7
What is the greatest common factor of 176 and 154?
22
What is the greatest common factor of 8 and 3?
1
Calculate the greatest common factor of 35 and 115.
5
What is the highest common divisor of 686 and 784?
98
Calculate the highest common divisor of 984 and 24.
24
Calculate the highest common divisor of 190 and 40.
10
What is the greatest common factor of 105 and 560?
35
What is the highest common divisor of 101 and 2323?
101
What is the greatest common divisor of 256 and 16?
16
Calculate the highest common factor of 80 and 14440.
40
What is the greatest common factor of 352 and 209?
11
Calculate the highest common divisor of 7632 and 648.
72
Calculate the greatest common factor of 4214 and 168.
14
What is the highest common factor of 4986 and 18?
18
What is the greatest common divisor of 31 and 5580?
31
What is the highest common factor of 96 and 648?
24
What is the highest common factor of 1763 and 43?
43
What is the greatest common divisor of 105 and 273?
21
What is the highest common divisor of 14 and 3934?
14
What is the greatest common factor of 342 and 1368?
342
Calculate the highest common divisor of 83 and 415.
83
What is the greatest common divisor of 16 and 1552?
16
What is the greatest common divisor of 84 and 20076?
84
Calculate the greatest common factor of 231 and 77.
77
What is the greatest common factor of 3 and 237?
3
Calculate the highest common divisor of 8 and 776.
8
Calculate the highest common factor of 84 and 348.
12
Calculate the highest common factor of 90 and 80.
10
Calculate the highest common divisor of 26499 and 11.
11
Calculate the greatest common divisor of 72 and 640.
8
What is the highest common divisor of 9291 and 114?
57
Calculate the highest common divisor of 42 and 238.
14
What is the greatest common factor of 110 and 30?
10
What is the greatest common divisor of 493 and 319?
29
What is the greatest common factor of 135 and 585?
45
Calculate the greatest common factor of 1974 and 423.
141
Calculate the greatest common factor of 48 and 51.
3
Calculate the highest common factor of 2001 and 69.
69
Calculate the highest common factor of 4 and 322.
2
What is the greatest common divisor of 143 and 208?
13
Calculate the highest common factor of 235 and 10.
5
What is the highest common divisor of 235 and 7379?
47
What is the highest common factor of 208 and 13?
13
What is the greatest com